reatest common factor of 140 and 56.
28
Calculate the greatest common factor of 12 and 84.
12
What is the highest common divisor of 1065 and 165?
15
What is the highest common factor of 30 and 24?
6
Calculate the greatest common factor of 847 and 427.
7
What is the highest common divisor of 18 and 10242?
18
Calculate the highest common divisor of 5 and 125.
5
Calculate the highest common divisor of 160 and 180.
20
Calculate the greatest common divisor of 5746 and 104.
26
Calculate the highest common divisor of 473 and 44.
11
What is the greatest common factor of 40 and 21160?
40
What is the greatest common divisor of 1541 and 134?
67
Calculate the highest common factor of 162 and 1782.
162
Calculate the greatest common divisor of 324 and 36.
36
Calculate the highest common divisor of 297 and 88.
11
What is the greatest common factor of 1005 and 5829?
201
What is the greatest common factor of 803 and 73?
73
Calculate the greatest common divisor of 164 and 2296.
164
What is the highest common factor of 1600 and 64?
64
What is the highest common factor of 245 and 45?
5
Calculate the highest common factor of 513 and 228.
57
Calculate the greatest common factor of 2457 and 21.
21
Calculate the greatest common divisor of 48 and 12.
12
Calculate the greatest common factor of 648 and 243.
81
Calculate the highest common divisor of 1058 and 2.
2
Calculate the highest common divisor of 98 and 182.
14
What is the highest common factor of 117 and 8424?
117
What is the highest common factor of 6 and 5984?
2
What is the highest common factor of 120 and 90?
30
What is the highest common divisor of 23 and 2047?
23
What is the greatest common divisor of 3 and 1536?
3
Calculate the highest common divisor of 56 and 14.
14
Calculate the greatest common divisor of 4 and 16.
4
Calculate the highest common divisor of 444 and 12.
12
Calculate the greatest common factor of 114 and 13.
1
What is the highest common factor of 162 and 297?
27
What is the greatest common divisor of 9 and 123?
3
Calculate the greatest common divisor of 12 and 2076.
12
Calculate the highest common factor of 2814 and 224.
14
Calculate the highest common factor of 144 and 2928.
48
What is the highest common divisor of 703 and 95?
19
What is the greatest common divisor of 160 and 60?
20
What is the highest common divisor of 115 and 230?
115
Calculate the highest common factor of 9 and 96.
3
What is the highest common factor of 507 and 975?
39
Calculate the highest common factor of 4160 and 884.
52
Calculate the greatest common factor of 1376 and 3956.
172
What is the greatest common factor of 44 and 627?
11
What is the greatest common divisor of 14672 and 32?
16
Calculate the highest common divisor of 9027 and 612.
153
What is the greatest common divisor of 28 and 29078?
14
Calculate the highest common divisor of 7 and 133.
7
Calculate the highest common factor of 91 and 21.
7
Calculate the highest common divisor of 3303 and 261.
9
Calculate the greatest common divisor of 1025 and 125.
25
Calculate the highest common divisor of 114 and 190.
38
Calculate the greatest common factor of 2485 and 35.
35
Calculate the greatest common factor of 13 and 1339.
13
Calculate the greatest common factor of 85 and 391.
17
What is the greatest common divisor of 134 and 13802?
134
What is the highest common divisor of 84 and 1407?
21
Calculate the greatest common divisor of 329 and 1175.
47
What is the highest common factor of 14317 and 515?
103
What is the greatest common divisor of 130 and 40?
10
Calculate the greatest common divisor of 15 and 375.
15
Calculate the greatest common divisor of 221 and 117.
13
What is the highest common divisor of 36 and 30?
6
What is the greatest common divisor of 15 and 15?
15
Calculate the greatest common divisor of 2501 and 41.
41
What is the greatest common divisor of 32 and 14368?
32
Calculate the highest common factor of 70 and 182.
14
What is the highest common divisor of 374 and 1394?
34
Calculate the highest common divisor of 82 and 5986.
82
What is the highest common factor of 654 and 6?
6
Calculate the highest common factor of 846 and 45.
9
Calculate the greatest common factor of 88 and 55.
11
What is the greatest common divisor of 100 and 225?
25
Calculate the highest common factor of 100 and 2660.
20
Calculate the highest common factor of 580 and 540.
20
What is the highest common divisor of 407 and 275?
11
What is the greatest common divisor of 531 and 189?
9
Calculate the highest common divisor of 161 and 2737.
161
What is the highest common divisor of 182 and 130?
26
What is the highest common factor of 395 and 10?
5
Calculate the highest common factor of 80 and 800.
80
What is the greatest common divisor of 10 and 270?
10
Calculate the greatest common divisor of 36 and 24.
12
Calculate the greatest common factor of 280 and 4.
4
Calculate the greatest common divisor of 4 and 25.
1
Calculate the highest common factor of 406 and 1512.
14
What is the greatest common factor of 784 and 1?
1
What is the highest common factor of 10 and 1150?
10
What is the greatest common factor of 48 and 256?
16
What is the greatest common factor of 56 and 406?
14
What is the highest common factor of 355 and 10?
5
Calculate the greatest common factor of 10701 and 18.
9
What is the greatest common factor of 357 and 21?
21
Calculate the greatest common factor of 63 and 48.
3
What is the greatest common factor of 488 and 7564?
244
Calculate the greatest common divisor of 5186 and 4.
2
Calculate the highest common factor of 48 and 3534.
6
What is the highest common divisor of 216 and 459?
27
What is the greatest common divisor of 3383 and 68?
17
Calculate the highest common divisor of 192 and 84.
12
What is the greatest common divisor of 208 and 676?
52
Calculate the highest common factor of 16 and 1728.
16
What is the greatest common divisor of 544 and 17?
17
What is the greatest common divisor of 15638 and 14?
14
Calculate the highest common factor of 28 and 77.
7
Calculate the greatest common factor of 4 and 10828.
4
Calculate the highest common factor of 126 and 18.
18
What is the greatest common divisor of 50 and 25?
25
Calculate the greatest common factor of 220 and 110.
110
What is the greatest common divisor of 1712 and 128?
16
What is the highest common factor of 17 and 238?
17
Calculate the greatest common divisor of 1113 and 189.
21
What is the highest common factor of 104884 and 52?
52
What is the greatest common factor of 48 and 128?
16
Calculate the greatest common factor of 52046 and 106.
106
What is the greatest common factor of 4341 and 3?
3
What is the greatest common divisor of 1500 and 175?
25
What is the greatest common divisor of 1143 and 18?
9
Calculate the highest common divisor of 182 and 28.
14
What is the highest common factor of 8791 and 236?
59
Calculate the greatest common factor of 14 and 938.
14
Calculate the highest common factor of 264 and 11781.
33
What is the greatest common factor of 1841 and 14?
7
Calculate the highest common factor of 10 and 25.
5
What is the greatest common divisor of 39 and 15?
3
What is the greatest common divisor of 11560 and 40?
40
What is the greatest common factor of 16 and 968?
8
What is the greatest common divisor of 295 and 15?
5
What is the highest common factor of 150 and 1680?
30
Calculate the highest common divisor of 46 and 226.
2
What is the highest common divisor of 1632 and 320?
32
Calculate the greatest common divisor of 9990 and 810.
270
What is the greatest common divisor of 54 and 14?
2
Calculate the highest common factor of 560 and 25.
5
Calculate the highest common factor of 1 and 127.
1
What is the highest common divisor of 144 and 912?
48
Calculate the highest common divisor of 148 and 333.
37
Calculate the greatest common factor of 824 and 2575.
103
Calculate the highest common divisor of 2295 and 270.
135
What is the greatest common divisor of 48 and 42?
6
Calculate the greatest common factor of 5396 and 152.
76
What is the greatest common divisor of 125 and 225?
25
What is the highest common factor of 324 and 138?
6
What is the greatest common divisor of 11604 and 24?
12
Calculate the greatest common factor of 21018 and 930.
186
Calculate the greatest common factor of 1839 and 3.
3
Calculate the grea